 (base 3) to base 5
-13442221401
-2487008 (base 12) to base 15
-9621c8
What is 306209 (base 13) in base 11?
700047
120331042 (base 5) to base 6
15544332
583c4 (base 15) to base 2
1000100100110011000
What is 6715 (base 12) in base 7?
45134
-60165210 (base 7) to base 4
-102332123103
Convert -740236 (base 9) to base 7.
-3511110
Convert -2332322202 (base 4) to base 15.
-106a76
123312314 (base 5) to base 3
1010200122111
122221121112 (base 4) to base 13
15a761c
Convert 101200201223 (base 4) to base 12.
165408b
6071cb (base 15) to base 6
242101015
249327 (base 13) to base 2
11010110001001010111
What is 21060a (base 11) in base 9?
563836
242310122 (base 5) to base 8
4250675
What is 2675b (base 14) in base 11?
65206
What is 48a483 (base 12) in base 10?
1179171
What is -112010323023 (base 4) in base 11?
-32a3128
-470711 (base 10) to base 15
-9470b
Convert 7b417 (base 12) to base 4.
220032103
-1274a3 (base 13) to base 5
-103211403
Convert 12102210122 (base 3) to base 8.
321012
-253a89 (base 11) to base 3
-202100112022
What is -adda92 (base 16) in base 9?
-23385166
What is 6a130 (base 13) in base 11?
12245a
Convert -3203100030 (base 4) to base 6.
-31541220
22203213 (base 5) to base 2
101111011010000111
Convert 88836 (base 15) to base 13.
122622
What is -160101 (base 8) in base 13?
-20191
What is -1133564 (base 10) in base 7?
-12430565
Convert 10032341 (base 5) to base 9.
132183
What is 12074344 (base 8) in base 13?
71b37b
-1127a78 (base 11) to base 15
-28e6a6
-13315 (base 6) to base 9
-2742
Convert 322026 (base 8) to base 15.
21ce7
Convert -3212c (base 14) to base 3.
-20010221110
What is e4cc (base 15) in base 3?
2110022110
Convert -922b11 (base 12) to base 13.
-620692
Convert -406136 (base 14) to base 4.
-20101103010
14a0003 (base 11) to base 15
35926d
Convert 3806673 (base 9) to base 16.
1f9c59
2505664 (base 8) to base 14
13dc20
Convert 1d07e (base 16) to base 2.
11101000001111110
What is -233013444 (base 5) in base 13?
-2b3183
What is -3547634 (base 10) in base 13?
-9729bc
408691 (base 11) to base 3
1020022102101
-100110010010110100010111 (base 2) to base 4
-212102310113
What is -31451 (base 15) in base 5?
-14444401
What is 3f10c (base 16) in base 4?
333010030
a6b630 (base 13) to base 6
215443340
What is 22872141 (base 9) in base 7?
163522354
What is -135512452 (base 6) in base 16?
-2aa010
Convert -114276 (base 9) to base 2.
-10000110010010101
Convert -2112102011201 (base 3) to base 10.
-1346590
-15a65 (base 15) to base 11
-48526
Convert 3253115 (base 7) to base 13.
10cbaa
454730 (base 9) to base 14
71451
What is 22000220221102 (base 3) in base 5?
2043112320
42134043 (base 6) to base 13
33bb1a
-166cc0 (base 15) to base 12
-444753
-100100101011111100 (base 2) to base 10
-150268
5620625 (base 9) to base 13
81bc24
Convert -11c900 (base 15) to base 11.
-532573
What is -b054 (base 12) in base 14?
-6d44
What is 2725672 (base 13) in base 6?
1120033431
Convert -123443350 (base 6) to base 16.
-24df92
Convert -5b11 (base 14) to base 7.
-64221
-369b70 (base 12) to base 8
-3306504
-16738 (base 12) to base 3
-1122002222
Convert 338b4 (base 16) to base 7.
1536344
Convert 2350103 (base 6) to base 5.
12420114
What is -222221101210101 (base 3) in base 4?
-312213131200
1101001000001011000010 (base 2) to base 15
47e9d1
141c346 (base 14) to base 9
20314323
Convert -3a429 (base 16) to base 7.
-2012503
-40190 (base 12) to base 14
-22468
Convert 222100110122100 (base 3) to base 16.
d5ae75
740bc (base 14) to base 15
57ea4
What is -894365 (base 12) in base 11?
-1262442
Convert 13cee (base 16) to base 10.
81134
What is -1000001102021 (base 3) in base 15?
-a7b84
Convert -1938d (base 15) to base 4.
-103332100
-510883 (base 9) to base 11
-197327
Convert -333001021333 (base 4) to base 13.
-3565345
Convert 2103202 (base 5) to base 2.
1000011111110010
-2983ca (base 13) to base 2
-11111000100000011100
What is -2332325 (base 6) in base 7?
-1013006
What is -a43ad (base 14) in base 3?
-202010001010
104031521 (base 6) to base 15
26e377
Convert -1023016 (base 8) to base 4.
-1002120032
What is 211826 (base 10) in base 14?
572a6
Convert -d6d4d (base 14) to base 2.
-1111110100101011001
Convert -2032314 (base 6) to base 2.
-10111110111010110
Convert -101230123012 (base 4) to base 12.
-167831a
What is -7367174 (base 8) in base 9?
-3618721
Convert -14437 (base 10) to base 4.
-3201211
What is 2650451 (base 7) in base 9?
580785
Convert -351220154 (base 6) to base 3.
-110020101222121
Convert 32434322 (base 5) to base 13.
9a938
-8160108 (base 9) to base 8
-20460120
What is -2130355 (base 6) in base 16?
-19a9f
29346 (base 13) to base 10
77460
-1411e (base 15) to base 10
-64379
What is -10200222011122 (base 3) in base 4?
-13200121100
What is -1100010000000011010 (base 2) in base 12?
-17438a
Convert -be51d6 (base 15) to base 16.
-8a8988
What is 311034540 (base 6) in base 10?
5370396
-100001010010110001000110 (base 2) to base 8
-41226106
What is 257709 (base 11) in base 3?
202121012210
171567 (base 8) to base 14
189dd
What is -945261 (base 10) in base 6?
-32132113
What is 32103242 (base 5) in base 9?
450237
Convert -18eb86 (base 16) to base 6.
-55000530
-100000111111011000 (base 2) to base 12
-66248
Convert -36906 (base 10) to base 11.
-25801
-3b3b54 (base 12) to base 4
-3233212300
12274377 (base 8) to base 2
1010010111100011111111
1329433 (base 10) to base 9
2445567
Convert 564362 (base 11) to base 4.
3123130220
Convert -100101202121 (base 3) to base 8.
-551241
-59c2a8 (base 16) to base 5
-3001220121
What is -11135232 (base 6) in base 2?
-1010010110111100100
-1050244251 (base 6) to base 16
-af7647
-1003121 (base 5) to base 16
-3ea4
What is 25a2631 (base 12) in base 3?
111222101002101
-3131351 (base 6) to base 7
-1202053
What is 29b15c (base 13) in base 16?
fa030
Convert -2c87d0 (base 14) to base 16.
-17ce52
Convert -11111100111111001101 (base 2) to base 6.
-34113221
What is 22202112210 (base 3) in base 14?
46bb5
-3552360 (base 7) to base 5
-103343422
What is -4dc89 (base 15) in base 3?
-110122211210
16741 (base 16) to base 15
1c3b4
Convert 11001111101000100110111 (base 2) to base 12.
2341447
-918cb (base 13) to base 5
-31321030
What is 321113012212 (base 4) in base 13?
316634b
Convert 518240 (base 9) to base 15.
61326
What is -31220033111 (base 4) in base 7?
-42240005
What is -1101101100010110000000 (base 2) in base 15?
-4ad854
What is -34322134 (base 5) in base 13?
-aa136
Convert 5086271 (base 10) to base 8.
23316077
3041004203 (base 5) to base 10
6188053
96748 (base 10) to base 16
179ec
What is 1555210 (base 7) in base 12?
a4871
What is 101101010011000 (base 2) in base 11?
16474
What is 345005 (base 16) in base 14?
653589
Convert 1012112121222022 (base 3) to base 10.
17294048
a62aac (base 14) to base 7
65511105
Convert -12ec8 (base 16) to base 11.
-53266
279507 (base 11) to base 2
1101010101110111100
What is -54b76 (base 14) in base 10?
-205316
71771 (base 16) to base 3
212121112002
What is 12300133 (base 7) in base 14?
20c3c3
Convert -384102 (base 10) to base 12.
-166346
Convert -99c5b0 (base 13) to base 8.
-15652066
What is -110101000000101000100011 (base 2) in base 7?
-226054532
Convert -1611678 (base 9) to base 10.
-893582
What is 113132302 (base 5) in base 2?
1111111001011111000
Convert -16773 (base 12) to base 2.
-111110111000111
-110000220222 (base 3) to base 2
-111001110101000110
Convert 100011001000100001 (base 2) to base 14.
3a62d
52b6b9 (base 12) to base 16
13ec2d
Convert 92667d (base 14) to base 8.
22646527
Convert -120036 (base 10) to base 11.
-82204
Convert -1315332 (base 9) to base 6.
-23225002
What is 72854 (base 16) in base 15?
93ebb
What is -1011021010110 (base 3) in base 5?
-124142434
Convert -110010101101100010101 (base 2) to base 15.
-22c562
-3597712 (base 11) to base 2
-10111111000110001111100
Convert -6d49fc (base 16) to base 13.
-163a0b1
What is -16451771 (base 9) in base 12?
-29157b4
10212333331 (base 4) to base 15
18d047
What is -242012660 (base 7) in base 5?
-12323444440
Convert 30421323 (base 5) to base 13.
8905c
e4b3f (base 16) to base 12
39213b
2022624 (base 8) to base 4
2002112110
What is 57144 (base 9) in base 5?
2204104
Convert -22021001101001 (base 3) to base 8.
-20576645
Convert 27337 (base 14) to base 2.
10111100110100101
262701 (base 8) to base 7
531004
-2217